{"id":50,"date":"2018-11-13T22:09:29","date_gmt":"2018-11-13T21:09:29","guid":{"rendered":"http:\/\/uminotsuyosa.it\/?page_id=50"},"modified":"2025-01-12T15:10:24","modified_gmt":"2025-01-12T14:10:24","slug":"orari-e-sede","status":"publish","type":"page","link":"https:\/\/uminotsuyosa.it\/?page_id=50","title":{"rendered":"Orari e sede"},"content":{"rendered":"<div class=\"_1dwg _1w_m _q7o\">\n<div id=\"js_tt\" class=\"_5pbx userContent _3ds9 _3576\" data-ad-preview=\"message\" data-ft=\"{&quot;tn&quot;:&quot;K&quot;}\">\n<p><strong>Corso di Kendo per bambine\/i 9-13 anni<\/strong>&nbsp;<\/p>\n<p>luned\u00ec 17:00 &#8211; 18:00<\/p>\n<\/div>\n<div id=\"js_tt\" class=\"_5pbx userContent _3ds9 _3576\" data-ad-preview=\"message\" data-ft=\"{&quot;tn&quot;:&quot;K&quot;}\">\n<p><strong>Corso di Kendo per ragazze\/i over 14 e adulti<\/strong>&nbsp;<\/p>\n<p>marted\u00ec 20:15 e venerd\u00ec 20:00 &#8211; 21:30<\/p>\n<p>Sport Village<br \/>Via Galla Placidia, 23<br \/>Rimini Nord<\/p>\n<p>&nbsp;<\/p>\n<\/div>\n<\/div>\n<div class=\"_1dwg _1w_m _q7o\">\n<div id=\"js_tt\" class=\"_5pbx userContent _3ds9 _3576\" data-ad-preview=\"message\" data-ft=\"{&quot;tn&quot;:&quot;K&quot;}\">\n<p><strong>Corso di Naginata<\/strong><\/p>\n<p>luned\u00ec 19:00 &#8211; 20:00<\/p>\n<\/div>\n<div id=\"js_tt\" class=\"_5pbx userContent _3ds9 _3576\" data-ad-preview=\"message\" data-ft=\"{&quot;tn&quot;:&quot;K&quot;}\">\n<p>venerd\u00ec 19:30 &#8211; 21:00<\/p>\n<p>Palestra Scuola Elementare &#8220;Luigi Ricci&#8221;<br \/>Via San Vito, 1729<br \/>San Vito (Rimini)<\/p>\n<p>&nbsp;<\/p>\n<\/div>\n<\/div>\n","protected":false},"excerpt":{"rendered":"<p>Corso di Kendo per bambine\/i 9-13 anni&nbsp; luned\u00ec 17:00 &#8211; 18:00 Corso di Kendo per ragazze\/i over 14 e adulti&nbsp; marted\u00ec 20:15 e venerd\u00ec 20:00 &#8211; 21:30 Sport VillageVia Galla Placidia, 23Rimini Nord &nbsp; Corso di Naginata luned\u00ec 19:00 &#8211; 20:00 venerd\u00ec 19:30 &#8211; 21:00 Palestra Scuola Elementare &#8220;Luigi Ricci&#8221;Via San Vito, 1729San Vito (Rimini) [&hellip;]<\/p>\n","protected":false},"author":1,"featured_media":0,"parent":0,"menu_order":0,"comment_status":"closed","ping_status":"closed","template":"","meta":{"ngg_post_thumbnail":0,"footnotes":""},"class_list":["post-50","page","type-page","status-publish","hentry"],"_links":{"self":[{"href":"https:\/\/uminotsuyosa.it\/index.php?rest_route=\/wp\/v2\/pages\/50","targetHints":{"allow":["GET"]}}],"collection":[{"href":"https:\/\/uminotsuyosa.it\/index.php?rest_route=\/wp\/v2\/pages"}],"about":[{"href":"https:\/\/uminotsuyosa.it\/index.php?rest_route=\/wp\/v2\/types\/page"}],"author":[{"embeddable":true,"href":"https:\/\/uminotsuyosa.it\/index.php?rest_route=\/wp\/v2\/users\/1"}],"replies":[{"embeddable":true,"href":"https:\/\/uminotsuyosa.it\/index.php?rest_route=%2Fwp%2Fv2%2Fcomments&post=50"}],"version-history":[{"count":12,"href":"https:\/\/uminotsuyosa.it\/index.php?rest_route=\/wp\/v2\/pages\/50\/revisions"}],"predecessor-version":[{"id":177,"href":"https:\/\/uminotsuyosa.it\/index.php?rest_route=\/wp\/v2\/pages\/50\/revisions\/177"}],"wp:attachment":[{"href":"https:\/\/uminotsuyosa.it\/index.php?rest_route=%2Fwp%2Fv2%2Fmedia&parent=50"}],"curies":[{"name":"wp","href":"https:\/\/api.w.org\/{rel}","templated":true}]}}